{"id":3586,"date":"2018-11-03T16:42:44","date_gmt":"2018-11-03T18:42:44","guid":{"rendered":"https:\/\/portal.economus.com.br\/?page_id=3586"},"modified":"2025-09-18T17:04:21","modified_gmt":"2025-09-18T20:04:21","slug":"distribuicao-dos-investimentos","status":"publish","type":"page","link":"https:\/\/cms1.com.br\/backup\/investimentos\/resultados\/distribuicao-dos-investimentos\/","title":{"rendered":"Demonstrativos e Relat\u00f3rios de Investimentos"},"content":{"rendered":"<div class=\"wpb-content-wrapper\">[vc_row css=&#8221;.vc_custom_1543595696742{margin-top: 0px !important;margin-right: 0px !important;margin-bottom: 0px !important;margin-left: 0px !important;border-top-width: 0px !important;border-right-width: 0px !important;border-bottom-width: 0px !important;border-left-width: 0px !important;padding-top: 2px !important;padding-right: 10px !important;padding-bottom: 2px !important;padding-left: 10px !important;background-color: #ffffff !important;border-left-style: solid !important;border-right-style: solid !important;border-top-style: solid !important;border-bottom-style: solid !important;border-radius: 1px !important;}&#8221;][vc_column width=&#8221;5\/6&#8243; css=&#8221;.vc_custom_1543584440495{margin-top: 0px !important;margin-bottom: 0px !important;border-top-width: 0px !important;border-bottom-width: 0px !important;padding-top: 0px !important;padding-bottom: 0px !important;}&#8221;][vc_column_text css=&#8221;.vc_custom_1752519305854{padding-top: 7px !important;}&#8221;]<strong>Demonstrativos de Investimentos &#8211; DI Previc \/ Enquadramento CMN n\u00ba 5.202<\/strong><\/p>\n<p>Confira aqui a composi\u00e7\u00e3o completa dos investimentos do(s) seu(s) Plano(s), de forma detalhada.[\/vc_column_text][vc_empty_space][\/vc_column][vc_column width=&#8221;1\/6&#8243; css=&#8221;.vc_custom_1543596405373{margin-top: 0px !important;margin-bottom: 0px !important;border-top-width: 0px !important;border-bottom-width: 0px !important;padding-top: 2px !important;padding-bottom: 4px !important;}&#8221;]<div class=\" vc_custom_1758225854279 ubtn-ctn-right \"><a class=\"ubtn-link ult-adjust-bottom-margin ubtn-right ubtn-small \" href=\"https:\/\/www.economus.com.br\/AutoAtendimento\/Login\" target=\"_blank\" rel=\"noopener\" ><button type=\"button\" id=\"ubtn-2196\"  class=\"ubtn ult-adjust-bottom-margin ult-responsive ubtn-small ubtn-fade-bg  none  ubtn-right   tooltip-69d291d0c891f\"  data-hover=\"#ec305c\" data-border-color=\"#ec305c\" data-bg=\"#ec305c\" data-hover-bg=\"#ffffff\" data-border-hover=\"#ec305c\" data-shadow-hover=\"\" data-shadow-click=\"none\" data-shadow=\"\" data-shd-shadow=\"\"  data-ultimate-target='#ubtn-2196'  data-responsive-json-new='{\"font-size\":\"\",\"line-height\":\"\"}'  style=\"font-weight:normal;border-radius:20px;border-width:2px;border-color:#ec305c;border-style:solid;background: #ec305c;color: #ffffff;\"><span class=\"ubtn-hover\" style=\"background-color:#ffffff\"><\/span><span class=\"ubtn-data ubtn-text \" >Acesse<\/span><\/button><\/a><\/div>[\/vc_column][vc_column css=&#8221;.vc_custom_1543581830126{margin-top: 0px !important;margin-bottom: 0px !important;border-top-width: 0px !important;border-bottom-width: 0px !important;padding-top: 0px !important;padding-bottom: 0px !important;}&#8221;][vc_separator css=&#8221;.vc_custom_1543581838041{margin-top: 0px !important;margin-bottom: 0px !important;border-top-width: 0px !important;border-bottom-width: 0px !important;padding-top: 0px !important;padding-bottom: 0px !important;}&#8221;][vc_empty_space][\/vc_column][\/vc_row][vc_row css=&#8221;.vc_custom_1543595696742{margin-top: 0px !important;margin-right: 0px !important;margin-bottom: 0px !important;margin-left: 0px !important;border-top-width: 0px !important;border-right-width: 0px !important;border-bottom-width: 0px !important;border-left-width: 0px !important;padding-top: 2px !important;padding-right: 10px !important;padding-bottom: 2px !important;padding-left: 10px !important;background-color: #ffffff !important;border-left-style: solid !important;border-right-style: solid !important;border-top-style: solid !important;border-bottom-style: solid !important;border-radius: 1px !important;}&#8221;][vc_column width=&#8221;5\/6&#8243; css=&#8221;.vc_custom_1543584440495{margin-top: 0px !important;margin-bottom: 0px !important;border-top-width: 0px !important;border-bottom-width: 0px !important;padding-top: 0px !important;padding-bottom: 0px !important;}&#8221;][vc_column_text css=&#8221;.vc_custom_1606146121040{padding-top: 7px !important;}&#8221;]<strong>Relat\u00f3rio Mensal dos Investimentos<\/strong><\/p>\n<p>Veja aqui o Relat\u00f3rio Mensal dos Investimentos, contendo destaques sobre os investimentos de todos os Planos, incluindo conjuntura econ\u00f4mica, composi\u00e7\u00f5es de carteira e rentabilidades.[\/vc_column_text][\/vc_column][vc_column width=&#8221;1\/6&#8243; css=&#8221;.vc_custom_1543596405373{margin-top: 0px !important;margin-bottom: 0px !important;border-top-width: 0px !important;border-bottom-width: 0px !important;padding-top: 2px !important;padding-bottom: 4px !important;}&#8221;]<div class=\" vc_custom_1758225860060 ubtn-ctn-right \"><a class=\"ubtn-link ult-adjust-bottom-margin ubtn-right ubtn-small \" href=\"https:\/\/www.economus.com.br\/AutoAtendimento\/Login\" target=\"_blank\" rel=\"noopener\" ><button type=\"button\" id=\"ubtn-6265\"  class=\"ubtn ult-adjust-bottom-margin ult-responsive ubtn-small ubtn-fade-bg  none  ubtn-right   tooltip-69d291d0c8972\"  data-hover=\"#ec305c\" data-border-color=\"#ec305c\" data-bg=\"#ec305c\" data-hover-bg=\"#ffffff\" data-border-hover=\"#ec305c\" data-shadow-hover=\"\" data-shadow-click=\"none\" data-shadow=\"\" data-shd-shadow=\"\"  data-ultimate-target='#ubtn-6265'  data-responsive-json-new='{\"font-size\":\"\",\"line-height\":\"\"}'  style=\"font-weight:normal;border-radius:20px;border-width:2px;border-color:#ec305c;border-style:solid;background: #ec305c;color: #ffffff;\"><span class=\"ubtn-hover\" style=\"background-color:#ffffff\"><\/span><span class=\"ubtn-data ubtn-text \" >Acesse<\/span><\/button><\/a><\/div>[\/vc_column][\/vc_row]\n<\/div>","protected":false},"excerpt":{"rendered":"<p>[vc_row css=&#8221;.vc_custom_1543595696742{margin-top: 0px !important;margin-right: 0px !important;margin-bottom: 0px !important;margin-left: 0px !important;border-top-width: 0px !important;border-right-width: 0px !important;border-bottom-width: 0px !important;border-left-width: 0px !important;padding-top: 2px !important;padding-right: 10px !important;padding-bottom: 2px !important;padding-left: 10px !important;background-color: #ffffff !important;border-left-style: solid !important;border-right-style: solid !important;border-top-style: solid !important;border-bottom-style: solid !important;border-radius: 1px !important;}&#8221;][vc_column width=&#8221;5\/6&#8243; css=&#8221;.vc_custom_1543584440495{margin-top: 0px !important;margin-bottom: 0px !important;border-top-width: 0px !important;border-bottom-width: 0px !important;padding-top: 0px !important;padding-bottom: 0px !important;}&#8221;][vc_column_text css=&#8221;.vc_custom_1752519305854{padding-top: 7px !important;}&#8221;]Demonstrativos&hellip;<\/p>\n","protected":false},"author":1,"featured_media":0,"parent":3415,"menu_order":0,"comment_status":"closed","ping_status":"closed","template":"","meta":{"ngg_post_thumbnail":0,"footnotes":""},"class_list":["post-3586","page","type-page","status-publish","hentry","description-off"],"_links":{"self":[{"href":"https:\/\/cms1.com.br\/backup\/wp-json\/wp\/v2\/pages\/3586","targetHints":{"allow":["GET"]}}],"collection":[{"href":"https:\/\/cms1.com.br\/backup\/wp-json\/wp\/v2\/pages"}],"about":[{"href":"https:\/\/cms1.com.br\/backup\/wp-json\/wp\/v2\/types\/page"}],"author":[{"embeddable":true,"href":"https:\/\/cms1.com.br\/backup\/wp-json\/wp\/v2\/users\/1"}],"replies":[{"embeddable":true,"href":"https:\/\/cms1.com.br\/backup\/wp-json\/wp\/v2\/comments?post=3586"}],"version-history":[{"count":80,"href":"https:\/\/cms1.com.br\/backup\/wp-json\/wp\/v2\/pages\/3586\/revisions"}],"predecessor-version":[{"id":21818,"href":"https:\/\/cms1.com.br\/backup\/wp-json\/wp\/v2\/pages\/3586\/revisions\/21818"}],"up":[{"embeddable":true,"href":"https:\/\/cms1.com.br\/backup\/wp-json\/wp\/v2\/pages\/3415"}],"wp:attachment":[{"href":"https:\/\/cms1.com.br\/backup\/wp-json\/wp\/v2\/media?parent=3586"}],"curies":[{"name":"wp","href":"https:\/\/api.w.org\/{rel}","templated":true}]}}