{"id":22268,"date":"2026-01-05T11:20:37","date_gmt":"2026-01-05T14:20:37","guid":{"rendered":"https:\/\/portal.economus.com.br\/?page_id=22268"},"modified":"2026-01-05T14:39:00","modified_gmt":"2026-01-05T17:39:00","slug":"telemedicina-e-teleoftalmologia","status":"publish","type":"page","link":"https:\/\/cms1.com.br\/backup\/telemedicina-e-teleoftalmologia\/","title":{"rendered":"Telemedicina e Teleoftalmologia"},"content":{"rendered":"<div class=\"wpb-content-wrapper\">[vc_row][vc_column][vc_column_text css=&#8221;&#8221;]Com a Telemedicina \u00e9 poss\u00edvel realizar consultas m\u00e9dicas a dist\u00e2ncia, por chamada de v\u00eddeo, ou caso n\u00e3o possua internet, por chamada de voz.&nbsp;<\/p>\n<p>Na Teleoftalmologia, s\u00e3o realizadas consultas oftalmol\u00f3gicas \u00e0 dist\u00e2ncia, com oftalmologistas especializados, utilizando tecnologia digital para triagem, testes visuais e emiss\u00e3o de laudos m\u00e9dicos.<\/p>\n<p>Escolha a op\u00e7\u00e3o abaixo para acessar:[\/vc_column_text][vc_column_text css=&#8221;&#8221;]&nbsp;<\/p>\n<table style=\"width: 905px;\">\n<tbody>\n<tr>\n<td style=\"width: 371.406px;\"><a href=\"https:\/\/cms1.com.br\/backup\/\/telemedicina\/\" target=\"_blank\" rel=\"noopener\"><img decoding=\"async\" class=\"alignnone wp-image-22276 size-full\" src=\"https:\/\/cms1.com.br\/backup\/\/wp-content\/uploads\/2026\/01\/botao1-1.png\" alt=\"\" width=\"300\" height=\"70\"><\/a><\/td>\n<td style=\"width: 517.594px;\"><a href=\"https:\/\/cms1.com.br\/backup\/\/teleoftalmologia\/\" target=\"_blank\" rel=\"noopener\"><img decoding=\"async\" class=\"alignnone wp-image-22277 size-full\" src=\"https:\/\/cms1.com.br\/backup\/\/wp-content\/uploads\/2026\/01\/botao2-1.png\" alt=\"\" width=\"300\" height=\"70\"><\/a><\/td>\n<\/tr>\n<\/tbody>\n<\/table>\n<p>&nbsp;[\/vc_column_text][\/vc_column][\/vc_row]\n<\/div>","protected":false},"excerpt":{"rendered":"<p>[vc_row][vc_column][vc_column_text css=&#8221;&#8221;]Com a Telemedicina \u00e9 poss\u00edvel realizar consultas m\u00e9dicas a dist\u00e2ncia, por chamada de v\u00eddeo, ou caso n\u00e3o possua internet, por chamada de voz.&nbsp; Na Teleoftalmologia, s\u00e3o realizadas consultas oftalmol\u00f3gicas \u00e0 dist\u00e2ncia, com oftalmologistas especializados, utilizando tecnologia digital para triagem, testes visuais e emiss\u00e3o de laudos m\u00e9dicos. Escolha a op\u00e7\u00e3o abaixo para acessar:[\/vc_column_text][vc_column_text css=&#8221;&#8221;]&nbsp; &nbsp;[\/vc_column_text][\/vc_column][\/vc_row]<\/p>\n","protected":false},"author":5,"featured_media":0,"parent":0,"menu_order":0,"comment_status":"closed","ping_status":"closed","template":"","meta":{"ngg_post_thumbnail":0,"footnotes":""},"class_list":["post-22268","page","type-page","status-publish","hentry","description-off"],"_links":{"self":[{"href":"https:\/\/cms1.com.br\/backup\/wp-json\/wp\/v2\/pages\/22268","targetHints":{"allow":["GET"]}}],"collection":[{"href":"https:\/\/cms1.com.br\/backup\/wp-json\/wp\/v2\/pages"}],"about":[{"href":"https:\/\/cms1.com.br\/backup\/wp-json\/wp\/v2\/types\/page"}],"author":[{"embeddable":true,"href":"https:\/\/cms1.com.br\/backup\/wp-json\/wp\/v2\/users\/5"}],"replies":[{"embeddable":true,"href":"https:\/\/cms1.com.br\/backup\/wp-json\/wp\/v2\/comments?post=22268"}],"version-history":[{"count":6,"href":"https:\/\/cms1.com.br\/backup\/wp-json\/wp\/v2\/pages\/22268\/revisions"}],"predecessor-version":[{"id":22280,"href":"https:\/\/cms1.com.br\/backup\/wp-json\/wp\/v2\/pages\/22268\/revisions\/22280"}],"wp:attachment":[{"href":"https:\/\/cms1.com.br\/backup\/wp-json\/wp\/v2\/media?parent=22268"}],"curies":[{"name":"wp","href":"https:\/\/api.w.org\/{rel}","templated":true}]}}