{"id":19652,"date":"2024-08-08T11:32:35","date_gmt":"2024-08-08T14:32:35","guid":{"rendered":"https:\/\/portal.economus.com.br\/?page_id=19652"},"modified":"2024-08-19T15:36:09","modified_gmt":"2024-08-19T18:36:09","slug":"assessoria-imprensa","status":"publish","type":"page","link":"https:\/\/cms1.com.br\/backup\/assessoria-imprensa\/","title":{"rendered":"Assessoria de Imprensa"},"content":{"rendered":"<div class=\"wpb-content-wrapper\">[vc_row][vc_column][vc_column_text css=&#8221;&#8221;]<img fetchpriority=\"high\" decoding=\"async\" class=\"size-full wp-image-19658 aligncenter\" src=\"https:\/\/cms1.com.br\/backup\/\/wp-content\/uploads\/2024\/08\/banner3-1.png\" alt=\"\" width=\"1086\" height=\"250\" srcset=\"https:\/\/cms1.com.br\/backup\/wp-content\/uploads\/2024\/08\/banner3-1.png 1086w, https:\/\/cms1.com.br\/backup\/wp-content\/uploads\/2024\/08\/banner3-1-300x69.png 300w, https:\/\/cms1.com.br\/backup\/wp-content\/uploads\/2024\/08\/banner3-1-1024x236.png 1024w, https:\/\/cms1.com.br\/backup\/wp-content\/uploads\/2024\/08\/banner3-1-768x177.png 768w, https:\/\/cms1.com.br\/backup\/wp-content\/uploads\/2024\/08\/banner3-1-750x173.png 750w\" sizes=\"(max-width: 1086px) 100vw, 1086px\" \/><\/p>\n<p>&nbsp;<\/p>\n<p>Esse canal de atendimento \u00e9 exclusivo para solicita\u00e7\u00f5es de imprensa.<\/p>\n<p>Para pedidos de informa\u00e7\u00f5es jornal\u00edsticas e solicita\u00e7\u00f5es de entrevistas, entre em contato pelo e-mail <a href=\"mailto:imprensa@economus.com.br\">imprensa@economus.com.br<\/a>.[\/vc_column_text][\/vc_column][\/vc_row]\n<\/div>","protected":false},"excerpt":{"rendered":"<p>[vc_row][vc_column][vc_column_text css=&#8221;&#8221;] &nbsp; Esse canal de atendimento \u00e9 exclusivo para solicita\u00e7\u00f5es de imprensa. Para pedidos de informa\u00e7\u00f5es jornal\u00edsticas e solicita\u00e7\u00f5es de entrevistas, entre em contato pelo e-mail imprensa@economus.com.br.[\/vc_column_text][\/vc_column][\/vc_row]<\/p>\n","protected":false},"author":5,"featured_media":0,"parent":0,"menu_order":0,"comment_status":"closed","ping_status":"closed","template":"","meta":{"ngg_post_thumbnail":0,"footnotes":""},"class_list":["post-19652","page","type-page","status-publish","hentry","description-off"],"_links":{"self":[{"href":"https:\/\/cms1.com.br\/backup\/wp-json\/wp\/v2\/pages\/19652","targetHints":{"allow":["GET"]}}],"collection":[{"href":"https:\/\/cms1.com.br\/backup\/wp-json\/wp\/v2\/pages"}],"about":[{"href":"https:\/\/cms1.com.br\/backup\/wp-json\/wp\/v2\/types\/page"}],"author":[{"embeddable":true,"href":"https:\/\/cms1.com.br\/backup\/wp-json\/wp\/v2\/users\/5"}],"replies":[{"embeddable":true,"href":"https:\/\/cms1.com.br\/backup\/wp-json\/wp\/v2\/comments?post=19652"}],"version-history":[{"count":4,"href":"https:\/\/cms1.com.br\/backup\/wp-json\/wp\/v2\/pages\/19652\/revisions"}],"predecessor-version":[{"id":19660,"href":"https:\/\/cms1.com.br\/backup\/wp-json\/wp\/v2\/pages\/19652\/revisions\/19660"}],"wp:attachment":[{"href":"https:\/\/cms1.com.br\/backup\/wp-json\/wp\/v2\/media?parent=19652"}],"curies":[{"name":"wp","href":"https:\/\/api.w.org\/{rel}","templated":true}]}}