{"id":19430,"date":"2024-06-14T10:15:13","date_gmt":"2024-06-14T13:15:13","guid":{"rendered":"https:\/\/portal.economus.com.br\/?page_id=19430"},"modified":"2024-06-28T14:41:49","modified_gmt":"2024-06-28T17:41:49","slug":"urgencia-e-emergencia-medica-como-agir","status":"publish","type":"page","link":"https:\/\/cms1.com.br\/backup\/urgencia-e-emergencia-medica-como-agir\/","title":{"rendered":"Como agir em casos de emerg\u00eancia m\u00e9dica"},"content":{"rendered":"<div class=\"wpb-content-wrapper\">[vc_row][vc_column][vc_single_image image=&#8221;19509&#8243; img_size=&#8221;full&#8221; alignment=&#8221;center&#8221; css=&#8221;&#8221;][vc_empty_space][vc_column_text css=&#8221;&#8221;]Em situa\u00e7\u00f5es de emerg\u00eancia m\u00e9dica n\u00e3o perca tempo, procure um pronto atendimento mais pr\u00f3ximo de voc\u00ea. Nos casos em que o paciente n\u00e3o tenha condi\u00e7\u00f5es cl\u00ednicas para se locomover at\u00e9 um hospital credenciado, \u00e9 necess\u00e1rio que a ajuda seja solicitada diretamente aos servi\u00e7os de atendimento pr\u00e9-hospitalar (pelo n\u00famero192). Isso garante a chegada r\u00e1pida do socorro m\u00e9dico e a disponibiliza\u00e7\u00e3o de ambul\u00e2ncia para o resgate.<\/p>\n<p>Veja abaixo o procedimento padr\u00e3o nessa situa\u00e7\u00e3o:[\/vc_column_text][vc_empty_space]<div id=\"advanced-tabs-desc-wrap-9025\" class=\"ult_tabs \" style=\" \" data-tabsstyle=\"style1\"\n data-titlebg=\"#82a7b9\" data-titlecolor=\"#ffffff\" data-fullheight=\"off\"\n data-titlehoverbg=\"#ec305c\" data-titlehovercolor=\"#ffffff\"\n data-rotatetabs=\"0\" data-responsivemode=\"Both\" data-animation=\"Slide\"\ndata-activetitle=\"#ffffff\" data-activeicon=\"\" data-activebg=\"#ec305c\"  data-respmode=\"Tabs\" data-respwidth=\"400\" data-scroll = \"on\" data-activeindex=\"1\"><ul id=advanced-tabs-wrap-4418 class=\"ult_tabmenu style1 Style_4\" style=\"color:#ffffff;border-bottom-color:#ffffff;border-bottom-width:2px;border-bottom-style:solid;border-bottom-width:0px;\"><li class=\"ult_tab_li ult_tab_style_4  \" data-iconcolor=\"#74777b\" data-iconhover=\"#ffffff\" style=\"background-color:#82a7b9;border-color:#ffffff;border-width:2px;border-style:solid;border-top-left-radius:8px;\">\n\t\t\t\t\t<a href=\"#1554147335373-6\" id=\"1554147335373-6\" style=\"color:#ffffff;;  \" class=\"ult_a \">\n\t\t\t\t\t   <span class=\"ult_tab_main  Both \">\n\t\t\t\t\t    <span class=\"ult_tab_section\">\n\t\t\t\t\t  \t\t<span  data-ultimate-target='#advanced-tabs-wrap-4418 .ult-span-text'  data-responsive-json-new='{\"font-size\":\"desktop:15px;\",\"line-height\":\"\"}'  class=\"ult-span-text ult-responsive\" style=\"\">Procedimento Padr\u00e3o<\/span>\n\t\t\t\t\t\t   \t<span class=\"aio-icon none ult_tab_iconright\" style=\"color:#74777b;font-size:15px;\">\n\t\t\t\t\t\t   \t<i class=\"   ult_tab_icon\"  ><\/i>\n\t\t\t\t\t\t   <\/span>\n\t\t\t\t\t\t<\/span>\n\t\t\t\t\t   <\/span>\n\n\t\t\t\t\t<\/a>\n\t\t\t\t\t<\/li><li class=\"ult_tab_li ult_tab_style_4  \" data-iconcolor=\"#74777b\" data-iconhover=\"#ffffff\" style=\"background-color:#82a7b9;border-color:#ffffff;border-width:2px;border-style:solid;border-top-right-radius:8px;\">\n\t\t\t\t\t<a href=\"#1554147488764-2-2\" id=\"1554147488764-2-2\" style=\"color:#ffffff;;  \" class=\"ult_a \">\n\t\t\t\t\t   <span class=\"ult_tab_main  Both \">\n\t\t\t\t\t    <span class=\"ult_tab_section\">\n\t\t\t\t\t  \t\t<span  data-ultimate-target='#advanced-tabs-wrap-4418 .ult-span-text'  data-responsive-json-new='{\"font-size\":\"desktop:15px;\",\"line-height\":\"\"}'  class=\"ult-span-text ult-responsive\" style=\"\">Atendimento domiciliar (Home Care)<\/span>\n\t\t\t\t\t\t   \t<span class=\"aio-icon none ult_tab_iconright\" style=\"color:#74777b;font-size:15px;\">\n\t\t\t\t\t\t   \t<i class=\"   ult_tab_icon\"  ><\/i>\n\t\t\t\t\t\t   <\/span>\n\t\t\t\t\t\t<\/span>\n\t\t\t\t\t   <\/span>\n\n\t\t\t\t\t<\/a>\n\t\t\t\t\t<\/li><\/ul><div  data-ultimate-target='#advanced-tabs-desc-wrap-9025 .ult_tabcontent .ult_tab_min_contain  p'  data-responsive-json-new='{\"font-size\":\"\",\"line-height\":\"\"}' class=\"ult_tabcontent ult-responsive style1\" style=\"background-color:#ffffff;color:#74777b;\"><div class=\"ult_tab_min_contain \" >\n\t\t\t<div  class=\"ult_tabitemname\"  >\n\t\t\t\t[vc_column_text css=&#8221;&#8221;]\n<div>\n<p><strong>Etapa 1 \u2013 Ligar para o servi\u00e7o de atendimento pr\u00e9-hospitalar<\/strong> (<strong>n\u00famero<\/strong> <strong>192)<\/strong><\/p>\n<p>&#8211; Ligue para o n\u00famero 192, e solicite ajuda passando as informa\u00e7\u00f5es necess\u00e1rias ao atendente;<\/p>\n<p>&#8211; O servi\u00e7o de atendimento pr\u00e9-hospitalar acionar\u00e1 o socorro m\u00e9dico e, em caso de necessidade de remo\u00e7\u00e3o, a ambul\u00e2ncia e levar\u00e1 o paciente ao hospital mais pr\u00f3ximo;<\/p>\n<p><strong>Etapa 2 \u2013 Contatar o Economus<\/strong><\/p>\n<p>&#8211; Ap\u00f3s a etapa 1, qualquer pessoa que esteja acompanhando o paciente ou o pr\u00f3prio hospital podem entrar em contato com o Economus pelo n\u00famero 0800-149-8000;<\/p>\n<p>&#8211; O Economus ir\u00e1 consultar a rede de hospitais credenciados do plano de sa\u00fade para checar a disponibilidade de vagas e indicar\u00e1 as op\u00e7\u00f5es para transfer\u00eancia do paciente. Nesta fase \u00e9 importante observar que ser\u00e1 necess\u00e1rio um relat\u00f3rio m\u00e9dico, informando as condi\u00e7\u00f5es cl\u00ednicas do paciente, para que a transfer\u00eancia seja realizada;<\/p>\n<p>&#8211; O Economus providenciar\u00e1 a transfer\u00eancia do benefici\u00e1rio para o hospital selecionado e ele continuar\u00e1 recebendo toda a assist\u00eancia m\u00e9dica necess\u00e1ria.<\/p>\n<\/div>\n[\/vc_column_text]\n\t\t\t<\/div>\n\t\t\t<div  class=\"ult_tabitemname\"  >\n\t\t\t\t[vc_column_text css=&#8221;&#8221;]O programa de atendimento domiciliar, mais conhecido como\u00a0<em>Home Care<\/em>, envolve o trabalho de uma s\u00e9rie de profissionais de sa\u00fade e cuidados com o paciente em seu lar.<\/p>\n<p>Apesar desse acompanhamento ser em ambiente domiciliar, tamb\u00e9m \u00e9 necess\u00e1rio saber quais medidas adotar em situa\u00e7\u00f5es de emerg\u00eancia, como por exemplo, uma piora repentina na condi\u00e7\u00e3o cl\u00ednica do paciente.<\/p>\n<p>Nesses casos, tamb\u00e9m \u00e9 necess\u00e1rio que os familiares, ou cuidadores que acompanham os nossos benefici\u00e1rios em atendimento domiciliar, <strong>acionem o servi\u00e7o de atendimento pr\u00e9-hospitalar\u00a0(n\u00famero 192) e contatem o prestador de\u00a0<\/strong><em>Home Care.<\/em>[\/vc_column_text]\n\t\t\t<\/div><\/div><\/div><\/div><div class=\"ult_acord advanced-tabs-desc-wrap-9025\">\n   <div class=\"ult-tabto-accordion \" style=\"width:;\"\n    data-titlecolor=\"#ffffff\"  data-titlebg=\"#82a7b9\"\n     data-titlehoverbg=\"#ec305c\" data-titlehovercolor=\"#ffffff\" data-animation=\"Slide\"\n     data-activetitle=\"#ffffff\" data-activeicon=\"\" data-activebg=\"#ec305c\" data-scroll = \"on\" data-activeindex=\"1\" >\n     <dl><dt class=\"\">\n        \t<a class=\"ult-tabto-actitle withBorder ult_a\" id=\"1554147335373-6\" style=\"color:#ffffff;;background-color:#82a7b9;border-bottom-color:#ffffff;border-bottom-width:2px;border-bottom-style:solid;\" href=\"#1554147335373-6\">\n        \t\t<i class=\"accordion-icon\"><\/i>\n        \t\t\t<span class=\"ult_tab_main ult_ac_mainBoth\">\n\t\t\t\t\t   <span  data-ultimate-target='#advanced-tabs-wrap-4418 .ult-span-text'  data-responsive-json-new='{\"font-size\":\"desktop:15px;\",\"line-height\":\"\"}'  class=\"ult-span-text ult_acordian-text ult-responsive\" style=\";color:inherit \" >Procedimento Padr\u00e3o<\/span>\n\t\t\t\t\t<\/span>\n\t\t\t\t\t   <div class=\"aio-icon none \" style=\"color:#74777b;font-size:15px;\" data-iconcolor=\"#74777b\" data-iconhover=\"#ffffff\">\n\t\t\t\t\t   <i class=\"    ult_tab_icon\"  ><\/i>\n\t\t\t\t\t   <\/div>\n\t\t\t\t\t<\/a><\/dt>\n            \t\t<dd class=\"ult-tabto-accordionItem ult-tabto-accolapsed\">\n\t\t\t            <div class=\"ult-tabto-acontent\" style=\"background-color:#ffffff;color:#74777b;\">\n\t\t\t               [vc_column_text css=&#8221;&#8221;]\n<div>\n<p><strong>Etapa 1 \u2013 Ligar para o servi\u00e7o de atendimento pr\u00e9-hospitalar<\/strong> (<strong>n\u00famero<\/strong> <strong>192)<\/strong><\/p>\n<p>&#8211; Ligue para o n\u00famero 192, e solicite ajuda passando as informa\u00e7\u00f5es necess\u00e1rias ao atendente;<\/p>\n<p>&#8211; O servi\u00e7o de atendimento pr\u00e9-hospitalar acionar\u00e1 o socorro m\u00e9dico e, em caso de necessidade de remo\u00e7\u00e3o, a ambul\u00e2ncia e levar\u00e1 o paciente ao hospital mais pr\u00f3ximo;<\/p>\n<p><strong>Etapa 2 \u2013 Contatar o Economus<\/strong><\/p>\n<p>&#8211; Ap\u00f3s a etapa 1, qualquer pessoa que esteja acompanhando o paciente ou o pr\u00f3prio hospital podem entrar em contato com o Economus pelo n\u00famero 0800-149-8000;<\/p>\n<p>&#8211; O Economus ir\u00e1 consultar a rede de hospitais credenciados do plano de sa\u00fade para checar a disponibilidade de vagas e indicar\u00e1 as op\u00e7\u00f5es para transfer\u00eancia do paciente. Nesta fase \u00e9 importante observar que ser\u00e1 necess\u00e1rio um relat\u00f3rio m\u00e9dico, informando as condi\u00e7\u00f5es cl\u00ednicas do paciente, para que a transfer\u00eancia seja realizada;<\/p>\n<p>&#8211; O Economus providenciar\u00e1 a transfer\u00eancia do benefici\u00e1rio para o hospital selecionado e ele continuar\u00e1 recebendo toda a assist\u00eancia m\u00e9dica necess\u00e1ria.<\/p>\n<\/div>\n[\/vc_column_text]\n\t\t\t            <\/div>\n        \t<\/dd><dt class=\"\">\n        \t<a class=\"ult-tabto-actitle withBorder ult_a\" id=\"1554147488764-2-2\" style=\"color:#ffffff;;background-color:#82a7b9;border-bottom-color:#ffffff;border-bottom-width:2px;border-bottom-style:solid;border-bottom-color:#ffffff;border-bottom-width:2px;border-bottom-style:solid;\" href=\"#1554147488764-2-2\">\n        \t\t<i class=\"accordion-icon\"><\/i>\n        \t\t\t<span class=\"ult_tab_main ult_ac_mainBoth\">\n\t\t\t\t\t   <span  data-ultimate-target='#advanced-tabs-wrap-4418 .ult-span-text'  data-responsive-json-new='{\"font-size\":\"desktop:15px;\",\"line-height\":\"\"}'  class=\"ult-span-text ult_acordian-text ult-responsive\" style=\";color:inherit \" >Atendimento domiciliar (Home Care)<\/span>\n\t\t\t\t\t<\/span>\n\t\t\t\t\t   <div class=\"aio-icon none \" style=\"color:#74777b;font-size:15px;\" data-iconcolor=\"#74777b\" data-iconhover=\"#ffffff\">\n\t\t\t\t\t   <i class=\"    ult_tab_icon\"  ><\/i>\n\t\t\t\t\t   <\/div>\n\t\t\t\t\t<\/a><\/dt>\n            \t\t<dd class=\"ult-tabto-accordionItem ult-tabto-accolapsed\">\n\t\t\t            <div class=\"ult-tabto-acontent\" style=\"background-color:#ffffff;color:#74777b;\">\n\t\t\t               [vc_column_text css=&#8221;&#8221;]O programa de atendimento domiciliar, mais conhecido como\u00a0<em>Home Care<\/em>, envolve o trabalho de uma s\u00e9rie de profissionais de sa\u00fade e cuidados com o paciente em seu lar.<\/p>\n<p>Apesar desse acompanhamento ser em ambiente domiciliar, tamb\u00e9m \u00e9 necess\u00e1rio saber quais medidas adotar em situa\u00e7\u00f5es de emerg\u00eancia, como por exemplo, uma piora repentina na condi\u00e7\u00e3o cl\u00ednica do paciente.<\/p>\n<p>Nesses casos, tamb\u00e9m \u00e9 necess\u00e1rio que os familiares, ou cuidadores que acompanham os nossos benefici\u00e1rios em atendimento domiciliar, <strong>acionem o servi\u00e7o de atendimento pr\u00e9-hospitalar\u00a0(n\u00famero 192) e contatem o prestador de\u00a0<\/strong><em>Home Care.<\/em>[\/vc_column_text]\n\t\t\t            <\/div>\n        \t<\/dd>\n    \t<\/dl>\n    <!--<div class=\"extraborder\" style=\"background-color:#ec305c\"><\/div>-->\n<\/div>\n\n<\/div>[\/vc_column][\/vc_row]\n<\/div>","protected":false},"excerpt":{"rendered":"<p>[vc_row][vc_column][vc_single_image image=&#8221;19509&#8243; img_size=&#8221;full&#8221; alignment=&#8221;center&#8221; css=&#8221;&#8221;][vc_empty_space][vc_column_text css=&#8221;&#8221;]Em situa\u00e7\u00f5es de emerg\u00eancia m\u00e9dica n\u00e3o perca tempo, procure um pronto atendimento mais pr\u00f3ximo de voc\u00ea. Nos casos em que o paciente n\u00e3o tenha condi\u00e7\u00f5es cl\u00ednicas para se locomover at\u00e9 um hospital credenciado, \u00e9 necess\u00e1rio que a ajuda seja solicitada diretamente aos servi\u00e7os de atendimento pr\u00e9-hospitalar (pelo n\u00famero192). Isso garante&hellip;<\/p>\n","protected":false},"author":5,"featured_media":0,"parent":0,"menu_order":0,"comment_status":"closed","ping_status":"closed","template":"","meta":{"ngg_post_thumbnail":0,"footnotes":""},"class_list":["post-19430","page","type-page","status-publish","hentry","description-off"],"_links":{"self":[{"href":"https:\/\/cms1.com.br\/backup\/wp-json\/wp\/v2\/pages\/19430","targetHints":{"allow":["GET"]}}],"collection":[{"href":"https:\/\/cms1.com.br\/backup\/wp-json\/wp\/v2\/pages"}],"about":[{"href":"https:\/\/cms1.com.br\/backup\/wp-json\/wp\/v2\/types\/page"}],"author":[{"embeddable":true,"href":"https:\/\/cms1.com.br\/backup\/wp-json\/wp\/v2\/users\/5"}],"replies":[{"embeddable":true,"href":"https:\/\/cms1.com.br\/backup\/wp-json\/wp\/v2\/comments?post=19430"}],"version-history":[{"count":16,"href":"https:\/\/cms1.com.br\/backup\/wp-json\/wp\/v2\/pages\/19430\/revisions"}],"predecessor-version":[{"id":19510,"href":"https:\/\/cms1.com.br\/backup\/wp-json\/wp\/v2\/pages\/19430\/revisions\/19510"}],"wp:attachment":[{"href":"https:\/\/cms1.com.br\/backup\/wp-json\/wp\/v2\/media?parent=19430"}],"curies":[{"name":"wp","href":"https:\/\/api.w.org\/{rel}","templated":true}]}}