{"id":18967,"date":"2024-03-22T15:57:24","date_gmt":"2024-03-22T18:57:24","guid":{"rendered":"https:\/\/portal.economus.com.br\/?page_id=18967"},"modified":"2024-03-25T17:52:07","modified_gmt":"2024-03-25T20:52:07","slug":"perguntas-e-respostas-acao-anapar-e-acordo-judicial","status":"publish","type":"page","link":"https:\/\/cms1.com.br\/backup\/perguntas-e-respostas-acao-anapar-e-acordo-judicial\/","title":{"rendered":"Perguntas e Respostas &#8211; A\u00e7\u00e3o ANAPAR e acordo judicial"},"content":{"rendered":"<div class=\"wpb-content-wrapper\">[vc_row][vc_column][vc_single_image image=&#8221;8618&#8243; img_size=&#8221;full&#8221;]<style >@media (min-width:992px){.empty_space69d0e64d85ba9 {padding-top: 32px;}}@media (max-width:991px){.empty_space69d0e64d85ba9 {padding-top: 60px;}}@media (max-width:600px){.empty_space69d0e64d85ba9 {padding-top: 30px;}}<\/style><div class=\"pt-plus-empty-space empty_space69d0e64d85ba9 \" data-uid=\"empty_space69d0e64d85ba9\" ><\/div><style >.tstp_accordion69d0e64d86065.pt_plus_tabs_block .accordion-style-1 .vc_tta-panels-container .vc_tta-panel.vc_active .vc_tta-panel-heading a{color: #ff214f;}.tstp_accordion69d0e64d86065.pt_plus_tabs_block .accordion-style-1 .vc_tta-panels-container .vc_tta-panel .vc_tta-panel-heading a{color: #6d6d6d;}.tstp_accordion69d0e64d86065.pt_plus_tabs_block .accordion-style-1 .vc_tta-panels-container .vc_tta-panel a .vc_tta-controls-icon{font-size: 14px;}.tstp_accordion69d0e64d86065.pt_plus_tabs_block .accordion-style-1 .vc_tta-panels-container .vc_tta-panel a {font-size: 14px ;font-family:Roboto; font-weight:400; font-style:normal; }.tstp_accordion69d0e64d86065.pt_plus_tabs_block .accordion-style-1 .vc_tta-panels-container .vc_tta-panel.vc_active .vc_tta-panel-heading{background: #ffffff;}.tstp_accordion69d0e64d86065.pt_plus_tabs_block .accordion-style-1 .vc_tta-panels-container .vc_tta-panel .vc_tta-panel-heading{background: #ffffff;}.tstp_accordion69d0e64d86065.pt_plus_tabs_block .accordion-style-1.vc_tta-o-no-fill .vc_tta-panels-container .vc_tta-panel .vc_tta-panel-body{background: #ff214f;}.tstp_accordion69d0e64d86065.pt_plus_tabs_block .accordion-style-1 .vc_tta-panels-container .vc_tta-panel.vc_active .vc_tta-panel-heading {border: 1px solid #ff214f;}.tstp_accordion69d0e64d86065.pt_plus_tabs_block .accordion-style-1 .vc_tta-panels-container .vc_tta-panel .vc_tta-panel-heading {border: 1px solid #888888;}<\/style><div class=\"pt_plus_tabs_block  animate-general tstp_accordion69d0e64d86065\" id=\"tabid_69d0e64d85c78\" data-animate-type=\"transition.slideDownIn\" data-animate-delay=\"50\" data-uid=\"tstp_accordion69d0e64d86065\" ><div class=\"vc_tta-container\" data-vc-action=\"collapse\"><div class=\"vc_general vc_tta vc_tta-accordion vc_tta-spacing-5 vc_tta-controls-align-left accordion-style-1\"><div class=\"vc_tta-panels-container\" ><div class=\"vc_tta-panels\">[vc_tta_section title=&#8221;1) Sou participante do Economus. Como esse Acordo Anapar me afeta?&#8221; tab_id=&#8221;1501049077285-3ca7e677-6f54f26b-27e3&#8243;]<style>.adv_text_block69d0e64d85cf2 .text-content-block,.adv_text_block69d0e64d85cf2 .text-content-block p{color:#888;font-size:14px;line-height:30px;font-weight:400;}@media (max-width:1200px){.adv_text_block69d0e64d85cf2 .text-content-block,.adv_text_block69d0e64d85cf2 .text-content-block p{}}@media (max-width:991px){.adv_text_block69d0e64d85cf2 .text-content-block,.adv_text_block69d0e64d85cf2 .text-content-block p{font-size:14px !important;line-height:30px !important;}}@media (max-width:600px){.adv_text_block69d0e64d85cf2 .text-content-block,.adv_text_block69d0e64d85cf2 .text-content-block p{font-size:14px !important;line-height:30px !important;}}<\/style><div class=\"pt-plus-text-block-wrapper    \"><div class=\"text_block_parallax \" ><div class=\"pt_plus_adv_text_block   adv_text_block69d0e64d85cf2   \" data-animate-type=\"\" data-animate-delay=\"\"><div class=\"text-content-block\"><p>O acordo evita que os participantes do Economus precisem aumentar suas contribui\u00e7\u00f5es mensais e impede que a opera\u00e7\u00e3o dos planos de sa\u00fade entre em situa\u00e7\u00e3o de insolv\u00eancia. Em resumo, voc\u00ea n\u00e3o ter\u00e1 que pagar um novo d\u00e9ficit e seu plano de sa\u00fade ter\u00e1 condi\u00e7\u00f5es de continuar funcionando normalmente.<\/p>\n<\/div><\/div><\/div><\/div>[\/vc_tta_section][vc_tta_section title=&#8221;2) Qual \u00e9 o objeto da a\u00e7\u00e3o judicial movida pela Anapar contra o Economus?&#8221; tab_id=&#8221;1708630395732-2b3c542e-f07c&#8221;]<style>.adv_text_block69d0e64d85d3a .text-content-block,.adv_text_block69d0e64d85d3a .text-content-block p{color:#888;font-size:14px;line-height:30px;font-weight:400;}@media (max-width:1200px){.adv_text_block69d0e64d85d3a .text-content-block,.adv_text_block69d0e64d85d3a .text-content-block p{}}@media (max-width:991px){.adv_text_block69d0e64d85d3a .text-content-block,.adv_text_block69d0e64d85d3a .text-content-block p{font-size:14px !important;line-height:30px !important;}}@media (max-width:600px){.adv_text_block69d0e64d85d3a .text-content-block,.adv_text_block69d0e64d85d3a .text-content-block p{font-size:14px !important;line-height:30px !important;}}<\/style><div class=\"pt-plus-text-block-wrapper    \"><div class=\"text_block_parallax \" ><div class=\"pt_plus_adv_text_block   adv_text_block69d0e64d85d3a   \" data-animate-type=\"\" data-animate-delay=\"\"><div class=\"text-content-block\"><p>A Anapar moveu uma a\u00e7\u00e3o exclusivamente contra o Economus buscando a recomposi\u00e7\u00e3o do patrim\u00f4nio do Fundo Economus de Assist\u00eancia Social (FEAS). Alegou que o Economus n\u00e3o poderia ter usado recursos do FEAS para fazer dep\u00f3sitos judiciais em uma a\u00e7\u00e3o anulat\u00f3ria de autua\u00e7\u00f5es fiscais da Receita Federal, que isso desfalcou o fundo, e pediu a devolu\u00e7\u00e3o dos valores atualizados.<\/p>\n<\/div><\/div><\/div><\/div>[\/vc_tta_section][vc_tta_section title=&#8221;3) Qual \u00e9 a situa\u00e7\u00e3o processual da a\u00e7\u00e3o judicial Anapar?&#8221; tab_id=&#8221;1708630411587-f9934bc5-f5bc&#8221;]<style>.adv_text_block69d0e64d85d6f .text-content-block,.adv_text_block69d0e64d85d6f .text-content-block p{color:#888;font-size:14px;line-height:30px;font-weight:400;}@media (max-width:1200px){.adv_text_block69d0e64d85d6f .text-content-block,.adv_text_block69d0e64d85d6f .text-content-block p{}}@media (max-width:991px){.adv_text_block69d0e64d85d6f .text-content-block,.adv_text_block69d0e64d85d6f .text-content-block p{font-size:14px !important;line-height:30px !important;}}@media (max-width:600px){.adv_text_block69d0e64d85d6f .text-content-block,.adv_text_block69d0e64d85d6f .text-content-block p{font-size:14px !important;line-height:30px !important;}}<\/style><div class=\"pt-plus-text-block-wrapper    \"><div class=\"text_block_parallax \" ><div class=\"pt_plus_adv_text_block   adv_text_block69d0e64d85d6f   \" data-animate-type=\"\" data-animate-delay=\"\"><div class=\"text-content-block\"><p>O Economus teve decis\u00f5es desfavor\u00e1veis em 1\u00aa inst\u00e2ncia (2010) e em 2\u00aa inst\u00e2ncia (2015 e 2022). O processo est\u00e1 no Superior Tribunal de Justi\u00e7a (STJ) para julgamento de Recurso Especial.<\/p>\n<\/div><\/div><\/div><\/div>[\/vc_tta_section][vc_tta_section title=&#8221;4) O que deu origem aos autos de infra\u00e7\u00e3o aplicados ao Economus pela Receita Federal?&#8221; tab_id=&#8221;1501049077872-ad8229b2-c6edf26b-27e3&#8243;]<style>.adv_text_block69d0e64d85dba .text-content-block,.adv_text_block69d0e64d85dba .text-content-block p{color:#888;font-size:14px;line-height:30px;font-weight:400;}@media (max-width:1200px){.adv_text_block69d0e64d85dba .text-content-block,.adv_text_block69d0e64d85dba .text-content-block p{}}@media (max-width:991px){.adv_text_block69d0e64d85dba .text-content-block,.adv_text_block69d0e64d85dba .text-content-block p{font-size:14px !important;line-height:30px !important;}}@media (max-width:600px){.adv_text_block69d0e64d85dba .text-content-block,.adv_text_block69d0e64d85dba .text-content-block p{font-size:14px !important;line-height:30px !important;}}<\/style><div class=\"pt-plus-text-block-wrapper    \"><div class=\"text_block_parallax \" ><div class=\"pt_plus_adv_text_block   adv_text_block69d0e64d85dba   \" data-animate-type=\"\" data-animate-delay=\"\"><div class=\"text-content-block\"><p>A Receita Federal autuou o Economus por considerar na base de c\u00e1lculo de PIS\/Cofins valores de repasses feitos pela Secretaria da Fazendo de S\u00e3o Paulo e pelo Banco Nossa Caixa ao Economus para pagamento de aposentadorias e plano de sa\u00fade. A Fiscaliza\u00e7\u00e3o considerou que os valores n\u00e3o eram apenas reembolso e que, sobre eles, deviam incidir os impostos Pis\/Cofins.<\/p>\n<\/div><\/div><\/div><\/div>[\/vc_tta_section][vc_tta_section title=&#8221;5) O que levou o Economus a entrar com a a\u00e7\u00e3o anulat\u00f3ria dos autos de infra\u00e7\u00e3o?&#8221; tab_id=&#8221;1501049078071-c4e121e1-fdd9f26b-27e3&#8243;]<style>.adv_text_block69d0e64d85dee .text-content-block,.adv_text_block69d0e64d85dee .text-content-block p{color:#888;font-size:14px;line-height:30px;font-weight:400;}@media (max-width:1200px){.adv_text_block69d0e64d85dee .text-content-block,.adv_text_block69d0e64d85dee .text-content-block p{}}@media (max-width:991px){.adv_text_block69d0e64d85dee .text-content-block,.adv_text_block69d0e64d85dee .text-content-block p{font-size:14px !important;line-height:30px !important;}}@media (max-width:600px){.adv_text_block69d0e64d85dee .text-content-block,.adv_text_block69d0e64d85dee .text-content-block p{font-size:14px !important;line-height:30px !important;}}<\/style><div class=\"pt-plus-text-block-wrapper    \"><div class=\"text_block_parallax \" ><div class=\"pt_plus_adv_text_block   adv_text_block69d0e64d85dee   \" data-animate-type=\"\" data-animate-delay=\"\"><div class=\"text-content-block\"><p>O Economus contestou a autua\u00e7\u00e3o porque os valores considerados pela Receita Federal apenas passavam pelo caixa da Entidade, mas n\u00e3o eram receita do Instituto.<\/p>\n<\/div><\/div><\/div><\/div>[\/vc_tta_section][vc_tta_section title=&#8221;6) Por que o Economus precisou fazer os dep\u00f3sitos judiciais?&#8221; tab_id=&#8221;1564681807063-be442c8f-620e&#8221;]<style>.adv_text_block69d0e64d85e1d .text-content-block,.adv_text_block69d0e64d85e1d .text-content-block p{color:#888;font-size:14px;line-height:30px;font-weight:400;}@media (max-width:1200px){.adv_text_block69d0e64d85e1d .text-content-block,.adv_text_block69d0e64d85e1d .text-content-block p{}}@media (max-width:991px){.adv_text_block69d0e64d85e1d .text-content-block,.adv_text_block69d0e64d85e1d .text-content-block p{font-size:14px !important;line-height:30px !important;}}@media (max-width:600px){.adv_text_block69d0e64d85e1d .text-content-block,.adv_text_block69d0e64d85e1d .text-content-block p{font-size:14px !important;line-height:30px !important;}}<\/style><div class=\"pt-plus-text-block-wrapper    \"><div class=\"text_block_parallax \" ><div class=\"pt_plus_adv_text_block   adv_text_block69d0e64d85e1d   \" data-animate-type=\"\" data-animate-delay=\"\"><div class=\"text-content-block\"><p>Os dep\u00f3sitos foram necess\u00e1rios para obter uma Certid\u00e3o Negativa de D\u00e9bitos, essencial para a venda de um im\u00f3vel do Economus. Sem a certid\u00e3o, o neg\u00f3cio n\u00e3o poderia ser concretizado.<\/p>\n<\/div><\/div><\/div><\/div>[\/vc_tta_section][vc_tta_section title=&#8221;7) Por que o Economus utilizou recursos do Fundo FEAS para os dep\u00f3sitos judiciais?&#8221; tab_id=&#8221;1564681806647-a9fa7874-76f5&#8243;]<style>.adv_text_block69d0e64d85e50 .text-content-block,.adv_text_block69d0e64d85e50 .text-content-block p{color:#888;font-size:14px;line-height:30px;font-weight:400;}@media (max-width:1200px){.adv_text_block69d0e64d85e50 .text-content-block,.adv_text_block69d0e64d85e50 .text-content-block p{}}@media (max-width:991px){.adv_text_block69d0e64d85e50 .text-content-block,.adv_text_block69d0e64d85e50 .text-content-block p{font-size:14px !important;line-height:30px !important;}}@media (max-width:600px){.adv_text_block69d0e64d85e50 .text-content-block,.adv_text_block69d0e64d85e50 .text-content-block p{font-size:14px !important;line-height:30px !important;}}<\/style><div class=\"pt-plus-text-block-wrapper    \"><div class=\"text_block_parallax \" ><div class=\"pt_plus_adv_text_block   adv_text_block69d0e64d85e50   \" data-animate-type=\"\" data-animate-delay=\"\"><div class=\"text-content-block\"><p>O Economus usou os recursos do FEAS, com autoriza\u00e7\u00e3o do Conselho Deliberativo, porque n\u00e3o tinha dinheiro suficiente no Fundo Administrativo.<\/p>\n<\/div><\/div><\/div><\/div>[\/vc_tta_section][vc_tta_section title=&#8221;8) Quais seriam as alternativas de fonte de recursos para os dep\u00f3sitos judiciais, \u00e0 \u00e9poca, caso n\u00e3o fossem utilizados valores do Fundo FEAS?&#8221; tab_id=&#8221;1564681806234-50a589ac-523a&#8221;]<style>.adv_text_block69d0e64d85e7e .text-content-block,.adv_text_block69d0e64d85e7e .text-content-block p{color:#888;font-size:14px;line-height:30px;font-weight:400;}@media (max-width:1200px){.adv_text_block69d0e64d85e7e .text-content-block,.adv_text_block69d0e64d85e7e .text-content-block p{}}@media (max-width:991px){.adv_text_block69d0e64d85e7e .text-content-block,.adv_text_block69d0e64d85e7e .text-content-block p{font-size:14px !important;line-height:30px !important;}}@media (max-width:600px){.adv_text_block69d0e64d85e7e .text-content-block,.adv_text_block69d0e64d85e7e .text-content-block p{font-size:14px !important;line-height:30px !important;}}<\/style><div class=\"pt-plus-text-block-wrapper    \"><div class=\"text_block_parallax \" ><div class=\"pt_plus_adv_text_block   adv_text_block69d0e64d85e7e   \" data-animate-type=\"\" data-animate-delay=\"\"><div class=\"text-content-block\"><p>Se n\u00e3o usasse recursos do FEAS, os participantes teriam que aumentar suas contribui\u00e7\u00f5es para pagamento dos dep\u00f3sitos judiciais.<\/p>\n<\/div><\/div><\/div><\/div>[\/vc_tta_section][vc_tta_section title=&#8221;9) Seria poss\u00edvel o Economus cobrar do Banco do Brasil e da SEFAZ, atualmente, os valores dos impostos (Pis\/Cofins) que deram origem \u00e0s autua\u00e7\u00f5es da Receita Federal?&#8221; tab_id=&#8221;1564681805787-9fcf145c-ebcc&#8221;]<style>.adv_text_block69d0e64d85eaa .text-content-block,.adv_text_block69d0e64d85eaa .text-content-block p{color:#888;font-size:14px;line-height:30px;font-weight:400;}@media (max-width:1200px){.adv_text_block69d0e64d85eaa .text-content-block,.adv_text_block69d0e64d85eaa .text-content-block p{}}@media (max-width:991px){.adv_text_block69d0e64d85eaa .text-content-block,.adv_text_block69d0e64d85eaa .text-content-block p{font-size:14px !important;line-height:30px !important;}}@media (max-width:600px){.adv_text_block69d0e64d85eaa .text-content-block,.adv_text_block69d0e64d85eaa .text-content-block p{font-size:14px !important;line-height:30px !important;}}<\/style><div class=\"pt-plus-text-block-wrapper    \"><div class=\"text_block_parallax \" ><div class=\"pt_plus_adv_text_block   adv_text_block69d0e64d85eaa   \" data-animate-type=\"\" data-animate-delay=\"\"><div class=\"text-content-block\"><p>Judicialmente n\u00e3o, porque as autua\u00e7\u00f5es ocorreram h\u00e1 quase 20 anos e eventual a\u00e7\u00e3o estaria sujeita ao risco de prescri\u00e7\u00e3o.<\/p>\n<\/div><\/div><\/div><\/div>[\/vc_tta_section][vc_tta_section title=&#8221;10) Quais seriam os impactos nas contas patrimoniais do Economus, no caso de execu\u00e7\u00e3o da A\u00e7\u00e3o Anapar?&#8221; tab_id=&#8221;1564681805243-f34f4c3e-76a7&#8243;]<style>.adv_text_block69d0e64d85ed6 .text-content-block,.adv_text_block69d0e64d85ed6 .text-content-block p{color:#888;font-size:14px;line-height:30px;font-weight:400;}@media (max-width:1200px){.adv_text_block69d0e64d85ed6 .text-content-block,.adv_text_block69d0e64d85ed6 .text-content-block p{}}@media (max-width:991px){.adv_text_block69d0e64d85ed6 .text-content-block,.adv_text_block69d0e64d85ed6 .text-content-block p{font-size:14px !important;line-height:30px !important;}}@media (max-width:600px){.adv_text_block69d0e64d85ed6 .text-content-block,.adv_text_block69d0e64d85ed6 .text-content-block p{font-size:14px !important;line-height:30px !important;}}<\/style><div class=\"pt-plus-text-block-wrapper    \"><div class=\"text_block_parallax \" ><div class=\"pt_plus_adv_text_block   adv_text_block69d0e64d85ed6   \" data-animate-type=\"\" data-animate-delay=\"\"><div class=\"text-content-block\"><p>O plano administrativo (PGA) ficaria com d\u00e9ficit e a Operadora de sa\u00fade poderia sofrer uma interven\u00e7\u00e3o da ANS e correr o risco de fechar os planos de sa\u00fade.<\/p>\n<\/div><\/div><\/div><\/div>[\/vc_tta_section][vc_tta_section title=&#8221;11) Como foram as negocia\u00e7\u00f5es para se chegar ao consenso com a Anapar para o Acordo judicial?&#8221; tab_id=&#8221;1564681853419-06d94c08-f27b&#8221;]<style>.adv_text_block69d0e64d85f03 .text-content-block,.adv_text_block69d0e64d85f03 .text-content-block p{color:#888;font-size:14px;line-height:30px;font-weight:400;}@media (max-width:1200px){.adv_text_block69d0e64d85f03 .text-content-block,.adv_text_block69d0e64d85f03 .text-content-block p{}}@media (max-width:991px){.adv_text_block69d0e64d85f03 .text-content-block,.adv_text_block69d0e64d85f03 .text-content-block p{font-size:14px !important;line-height:30px !important;}}@media (max-width:600px){.adv_text_block69d0e64d85f03 .text-content-block,.adv_text_block69d0e64d85f03 .text-content-block p{font-size:14px !important;line-height:30px !important;}}<\/style><div class=\"pt-plus-text-block-wrapper    \"><div class=\"text_block_parallax \" ><div class=\"pt_plus_adv_text_block   adv_text_block69d0e64d85f03   \" data-animate-type=\"\" data-animate-delay=\"\"><div class=\"text-content-block\"><p>As negocia\u00e7\u00f5es come\u00e7aram em 2022. Ap\u00f3s v\u00e1rias propostas, o acordo final ficou em R$ 185,9 milh\u00f5es, incluindo os honor\u00e1rios advocat\u00edcios.<\/p>\n<\/div><\/div><\/div><\/div>[\/vc_tta_section][vc_tta_section title=&#8221;12) De onde vir\u00e3o os recursos para custeio do Acordo com a Anapar?&#8221; tab_id=&#8221;1564681852855-bdd01d76-4f92&#8243;]<style>.adv_text_block69d0e64d85f30 .text-content-block,.adv_text_block69d0e64d85f30 .text-content-block p{color:#888;font-size:14px;line-height:30px;font-weight:400;}@media (max-width:1200px){.adv_text_block69d0e64d85f30 .text-content-block,.adv_text_block69d0e64d85f30 .text-content-block p{}}@media (max-width:991px){.adv_text_block69d0e64d85f30 .text-content-block,.adv_text_block69d0e64d85f30 .text-content-block p{font-size:14px !important;line-height:30px !important;}}@media (max-width:600px){.adv_text_block69d0e64d85f30 .text-content-block,.adv_text_block69d0e64d85f30 .text-content-block p{font-size:14px !important;line-height:30px !important;}}<\/style><div class=\"pt-plus-text-block-wrapper    \"><div class=\"text_block_parallax \" ><div class=\"pt_plus_adv_text_block   adv_text_block69d0e64d85f30   \" data-animate-type=\"\" data-animate-delay=\"\"><div class=\"text-content-block\"><p>Ser\u00e3o usados recursos dos fundos administrativos do Economus e de aporte de R$85 milh\u00f5es feito pelo Banco do Brasil.<\/p>\n<\/div><\/div><\/div><\/div>[\/vc_tta_section][vc_tta_section title=&#8221;13) Por que o BB concordou em pagar parte do Acordo se ele n\u00e3o \u00e9 parte na A\u00e7\u00e3o Anapar?&#8221; tab_id=&#8221;1564681803952-dce95c15-d90d&#8221;]<style>.adv_text_block69d0e64d85f5b .text-content-block,.adv_text_block69d0e64d85f5b .text-content-block p{color:#888;font-size:14px;line-height:30px;font-weight:400;}@media (max-width:1200px){.adv_text_block69d0e64d85f5b .text-content-block,.adv_text_block69d0e64d85f5b .text-content-block p{}}@media (max-width:991px){.adv_text_block69d0e64d85f5b .text-content-block,.adv_text_block69d0e64d85f5b .text-content-block p{font-size:14px !important;line-height:30px !important;}}@media (max-width:600px){.adv_text_block69d0e64d85f5b .text-content-block,.adv_text_block69d0e64d85f5b .text-content-block p{font-size:14px !important;line-height:30px !important;}}<\/style><div class=\"pt-plus-text-block-wrapper    \"><div class=\"text_block_parallax \" ><div class=\"pt_plus_adv_text_block   adv_text_block69d0e64d85f5b   \" data-animate-type=\"\" data-animate-delay=\"\"><div class=\"text-content-block\"><p>O Economus explicou a situa\u00e7\u00e3o ao Banco do Brasil e pediu um aporte para evitar preju\u00edzos aos participantes e \u00e0 sustentabilidade do Instituto.<\/p>\n<\/div><\/div><\/div><\/div>[\/vc_tta_section][vc_tta_section title=&#8221;14) Onde ser\u00e3o alocados os recursos financeiros do Acordo Anapar?&#8221; tab_id=&#8221;1708630117049-3ec7de92-24c4&#8243;]<style>.adv_text_block69d0e64d85f88 .text-content-block,.adv_text_block69d0e64d85f88 .text-content-block p{color:#888;font-size:14px;line-height:30px;font-weight:400;}@media (max-width:1200px){.adv_text_block69d0e64d85f88 .text-content-block,.adv_text_block69d0e64d85f88 .text-content-block p{}}@media (max-width:991px){.adv_text_block69d0e64d85f88 .text-content-block,.adv_text_block69d0e64d85f88 .text-content-block p{font-size:14px !important;line-height:30px !important;}}@media (max-width:600px){.adv_text_block69d0e64d85f88 .text-content-block,.adv_text_block69d0e64d85f88 .text-content-block p{font-size:14px !important;line-height:30px !important;}}<\/style><div class=\"pt-plus-text-block-wrapper    \"><div class=\"text_block_parallax \" ><div class=\"pt_plus_adv_text_block   adv_text_block69d0e64d85f88   \" data-animate-type=\"\" data-animate-delay=\"\"><div class=\"text-content-block\"><p>Os recursos ser\u00e3o creditados no Fundo FEAS e direcionados em conformidade com o seu regulamento, que \u00e9 aprovado pelo Conselho Deliberativo.<\/p>\n<\/div><\/div><\/div><\/div>[\/vc_tta_section][vc_tta_section title=&#8221;15) Quais os benef\u00edcios do Acordo judicial para o Economus e para os participantes?&#8221; tab_id=&#8221;1708630145612-982be330-cf78&#8243;]<style>.adv_text_block69d0e64d85fb4 .text-content-block,.adv_text_block69d0e64d85fb4 .text-content-block p{color:#888;font-size:14px;line-height:30px;font-weight:400;}@media (max-width:1200px){.adv_text_block69d0e64d85fb4 .text-content-block,.adv_text_block69d0e64d85fb4 .text-content-block p{}}@media (max-width:991px){.adv_text_block69d0e64d85fb4 .text-content-block,.adv_text_block69d0e64d85fb4 .text-content-block p{font-size:14px !important;line-height:30px !important;}}@media (max-width:600px){.adv_text_block69d0e64d85fb4 .text-content-block,.adv_text_block69d0e64d85fb4 .text-content-block p{font-size:14px !important;line-height:30px !important;}}<\/style><div class=\"pt-plus-text-block-wrapper    \"><div class=\"text_block_parallax \" ><div class=\"pt_plus_adv_text_block   adv_text_block69d0e64d85fb4   \" data-animate-type=\"\" data-animate-delay=\"\"><div class=\"text-content-block\"><p>O acordo traz um aporte de mais de R$ 170 milh\u00f5es ao Fundo FEAS e permite a continuidade das negocia\u00e7\u00f5es na busca por solu\u00e7\u00f5es sustent\u00e1veis para os planos de sa\u00fade dos aposentados.<\/p>\n<\/div><\/div><\/div><\/div>[\/vc_tta_section]<\/div><\/div><\/div><\/div><\/div>[\/vc_column][\/vc_row]\n<\/div>","protected":false},"excerpt":{"rendered":"<p>[vc_row][vc_column][vc_single_image image=&#8221;8618&#8243; img_size=&#8221;full&#8221;][\/vc_column][\/vc_row]<\/p>\n","protected":false},"author":5,"featured_media":0,"parent":0,"menu_order":0,"comment_status":"closed","ping_status":"closed","template":"","meta":{"ngg_post_thumbnail":0,"footnotes":""},"class_list":["post-18967","page","type-page","status-publish","hentry","description-off"],"_links":{"self":[{"href":"https:\/\/cms1.com.br\/backup\/wp-json\/wp\/v2\/pages\/18967","targetHints":{"allow":["GET"]}}],"collection":[{"href":"https:\/\/cms1.com.br\/backup\/wp-json\/wp\/v2\/pages"}],"about":[{"href":"https:\/\/cms1.com.br\/backup\/wp-json\/wp\/v2\/types\/page"}],"author":[{"embeddable":true,"href":"https:\/\/cms1.com.br\/backup\/wp-json\/wp\/v2\/users\/5"}],"replies":[{"embeddable":true,"href":"https:\/\/cms1.com.br\/backup\/wp-json\/wp\/v2\/comments?post=18967"}],"version-history":[{"count":6,"href":"https:\/\/cms1.com.br\/backup\/wp-json\/wp\/v2\/pages\/18967\/revisions"}],"predecessor-version":[{"id":18980,"href":"https:\/\/cms1.com.br\/backup\/wp-json\/wp\/v2\/pages\/18967\/revisions\/18980"}],"wp:attachment":[{"href":"https:\/\/cms1.com.br\/backup\/wp-json\/wp\/v2\/media?parent=18967"}],"curies":[{"name":"wp","href":"https:\/\/api.w.org\/{rel}","templated":true}]}}