{"id":13643,"date":"2021-11-26T13:55:57","date_gmt":"2021-11-26T16:55:57","guid":{"rendered":"https:\/\/portal.economus.com.br\/?page_id=13643"},"modified":"2022-05-12T13:25:52","modified_gmt":"2022-05-12T16:25:52","slug":"dependentes-de-participantes-do-grupo-c-e-prevmais","status":"publish","type":"page","link":"https:\/\/cms1.com.br\/backup\/dependentes-de-participantes-do-grupo-c-e-prevmais\/","title":{"rendered":"Dependentes de Participantes do Grupo C e PrevMais"},"content":{"rendered":"<div class=\"wpb-content-wrapper\">[vc_row][vc_column][vc_column_text]<img fetchpriority=\"high\" decoding=\"async\" class=\"size-full wp-image-13654 aligncenter\" src=\"https:\/\/cms1.com.br\/backup\/\/wp-content\/uploads\/2021\/11\/grupocprevmais.png\" alt=\"\" width=\"1086\" height=\"250\" srcset=\"https:\/\/cms1.com.br\/backup\/wp-content\/uploads\/2021\/11\/grupocprevmais.png 1086w, https:\/\/cms1.com.br\/backup\/wp-content\/uploads\/2021\/11\/grupocprevmais-300x69.png 300w, https:\/\/cms1.com.br\/backup\/wp-content\/uploads\/2021\/11\/grupocprevmais-768x177.png 768w, https:\/\/cms1.com.br\/backup\/wp-content\/uploads\/2021\/11\/grupocprevmais-1024x236.png 1024w, https:\/\/cms1.com.br\/backup\/wp-content\/uploads\/2021\/11\/grupocprevmais-750x173.png 750w\" sizes=\"(max-width: 1086px) 100vw, 1086px\" \/>[\/vc_column_text][vc_empty_space][vc_column_text]S\u00e3o os dependentes legais (c\u00f4njuge, filhos menores de 21 anos ou incapazes sem limite de idade) de empregados admitidos a partir de 13 de maio de 1974 do extinto Banco Nossa Caixa S.A. contratados pelo regime CLT.<\/p>\n<p><strong>Participante PrevMais &#8211; para os dependentes legais de participantes do PrevMais:<\/strong><\/p>\n<p>Para os dependentes eleg\u00edveis \u00e0 pens\u00e3o por morte, benef\u00edcio esse autorizado pelo INSS por meio de carta de concess\u00e3o \u00e0 pens\u00e3o por morte, ser\u00e1 mantido o mesmo plano de sa\u00fade que o titular possu\u00eda.[\/vc_column_text][vc_empty_space][\/vc_column][\/vc_row][vc_row][\/vc_row][vc_column][\/vc_column][vc_tta_section title=&#8221;Inscritos no Plano de Sa\u00fade Plus ou Plus II&#8221; tab_id=&#8221;1628791680931-c591f7ad-3c92&#8243;][vc_column_text]Ser\u00e1 mantido o mesmo plano de sa\u00fade que o titular falecido possu\u00eda para os dependentes eleg\u00edveis \u00e0 pens\u00e3o por morte, benef\u00edcio esse autorizado pelo INSS.<\/p>\n<p><strong><u>Planos do titular e custeio: <\/u><\/strong><\/p>\n<p>Se o participante faleceu na ativa ou era aposentado por invalidez e, estava inscrito no plano Plus ou Plus II, o custeio ser\u00e1: mensalidade de 1,5% (um e meio por cento) sobre o sal\u00e1rio bruto e coparticipa\u00e7\u00e3o de 10% (dez por cento) no custeio de cada consulta e exame de baixo custo, limitada a 5% (cinco por cento) do total de rendimentos bruto. A base de c\u00e1lculo ser\u00e1 o valor da pens\u00e3o por morte, na aus\u00eancia de comprova\u00e7\u00e3o do valor do benef\u00edcio, ser\u00e1 utilizado o sal\u00e1rio bruto do titular falecido.<\/p>\n<p><strong><u>IMPORTANTE: Para a manuten\u00e7\u00e3o do plano apresentar os seguintes documentos:<\/u><\/strong><\/p>\n<ul>\n<li>Carta de concess\u00e3o da pens\u00e3o por morte aos dependentes do plano de sa\u00fade emitido pelo INSS;<\/li>\n<li>Demonstrativo de pagamento da pens\u00e3o por morte para compor a base de c\u00e1lculo da mensalidade do plano de sa\u00fade;<\/li>\n<li>Termo de ades\u00e3o dos dependentes eleg\u00edveis (clique <a href=\"https:\/\/cms1.com.br\/backup\/\/wp-content\/uploads\/2018\/12\/2.Termo-de-Ades%C3%A3o-plano-de-saude.pdf\" target=\"_blank\" rel=\"noopener\">aqui<\/a>);<\/li>\n<li>RG, CPF e comprovante de endere\u00e7o dos dependentes eleg\u00edveis;<\/li>\n<li>Certid\u00e3o de casamento, se o pensionista for o C\u00f4njuge;<\/li>\n<li>Certid\u00e3o de nascimento para filhos menores;<\/li>\n<li>Termo de Ades\u00e3o ao Conv\u00eanio Reciprocidade para os casos de Unimed e Cassi (clique <a href=\"https:\/\/cms1.com.br\/backup\/\/wp-content\/uploads\/2018\/12\/5.Termo-de-Ades%C3%A3o-ao-Conv%C3%AAnio-Reciprocidade.pdf\" target=\"_blank\" rel=\"noopener\">aqui<\/a>).<\/li>\n<\/ul>\n<p>Para a manuten\u00e7\u00e3o do plano de sa\u00fade aos dependentes eleg\u00edveis, conforme condi\u00e7\u00f5es estabelecidas, \u00e9 importante o envio da documenta\u00e7\u00e3o completa.<\/p>\n<p>Esta documenta\u00e7\u00e3o pode ser enviada por c\u00f3pias digitalizadas, em arquivo PDF, pelo nosso site <a href=\"https:\/\/cms1.com.br\/backup\/\">portal.economus.com.br<\/a>, aba Relacionamento, Fale Conosco.[\/vc_column_text][\/vc_tta_section][vc_tta_section title=&#8221;Inscritos no Plano de Sa\u00fade Economus Futuro&#8221; tab_id=&#8221;1628791680953-b5aa917d-ded2&#8243;][vc_column_text]Ser\u00e1 mantido, para os dependentes, o mesmo plano de sa\u00fade que o titular falecido possu\u00eda, desde que eleg\u00edveis \u00e0 pens\u00e3o por morte, benef\u00edcio esse autorizado pelo INSS e assistidos pelo Economus no plano de previd\u00eancia.<\/p>\n<p><strong><u>Planos do titular e custeio: <\/u><\/strong><\/p>\n<p><strong>Veja as principais caracter\u00edsticas do Economus Futuro:<\/strong><\/p>\n<ul>\n<li><strong>Tipo de plano: c<\/strong>oletivo por ades\u00e3o; autossustent\u00e1vel, sem depend\u00eancia de mantenedor.<\/li>\n<li><strong>Precifica\u00e7\u00e3o:<\/strong>regime de cotas, por faixa et\u00e1ria e com cobran\u00e7a\u00a0<em> A<\/em>valia\u00e7\u00e3o trimestral das despesas e receitas para garantir equil\u00edbrio do plano;<\/li>\n<li><strong>Abrang\u00eancia:<\/strong>nacional;<\/li>\n<li><strong>Padr\u00e3o de interna\u00e7\u00e3o:<\/strong>apartamento;<\/li>\n<li><strong>Rede credenciada<\/strong>: acesse aqui e confira;<\/li>\n<li><strong>Car\u00eancia: <\/strong>zero! Basta confirmar a sua ades\u00e3o em at\u00e9 60 dias corridos ap\u00f3s implanta\u00e7\u00e3o do Economus Futuro (lan\u00e7amento: 02\/03\/2022);<\/li>\n<\/ul>\n<p>Veja mais informa\u00e7\u00f5es sobre o Economus Futuro no hotsite, clicando\u00a0<a href=\"https:\/\/cms1.com.br\/backup\/\/economus-futuro\/\" target=\"_blank\" rel=\"noopener\">aqui<\/a>.<\/p>\n<p><strong><u>IMPORTANTE: Para a manuten\u00e7\u00e3o do plano apresentar os seguintes documentos:\u00a0 <\/u><\/strong><\/p>\n<ul>\n<li>Carta de concess\u00e3o da pens\u00e3o por morte aos dependentes do plano de sa\u00fade emitido pelo INSS;<\/li>\n<li>Demonstrativo de pagamento da pens\u00e3o por morte para compor a base de c\u00e1lculo da mensalidade do plano de sa\u00fade;<\/li>\n<li><a href=\"https:\/\/www.economus.com.br\/app\/Login\/Relacionamento\/NovoAtendimento?canalatendimento=9\">Clique aqui<\/a> e solicite o seu formul\u00e1rio de ades\u00e3o, optando pela aba sa\u00fade\/Cadastro_Inclus\u00e3o Economus;<\/li>\n<li>RG, CPF e comprovante de endere\u00e7o dos dependentes eleg\u00edveis;<\/li>\n<li>Certid\u00e3o de casamento, se o pensionista for o C\u00f4njuge;<\/li>\n<li>Certid\u00e3o de nascimento para filhos menores;<\/li>\n<li>Termo de Ades\u00e3o ao Conv\u00eanio Reciprocidade para os casos de Unimed e Cassi (clique <a href=\"https:\/\/cms1.com.br\/backup\/\/wp-content\/uploads\/2018\/12\/8.Termo-de-Ades%C3%A3o-ao-Conv%C3%AAnio-Reciprocidade.pdf\" target=\"_blank\" rel=\"noopener\">aqui<\/a>).<\/li>\n<\/ul>\n<p>Para a manuten\u00e7\u00e3o do plano de sa\u00fade aos dependentes eleg\u00edveis, conforme condi\u00e7\u00f5es estabelecidas, \u00e9 importante o envio da documenta\u00e7\u00e3o completa.<\/p>\n<p>Esta documenta\u00e7\u00e3o pode ser enviada por c\u00f3pias digitalizadas, em arquivo PDF, pelo nosso site <a href=\"https:\/\/cms1.com.br\/backup\/\">portal.economus.com.br<\/a>, aba Relacionamento, Fale Conosco.[\/vc_column_text][\/vc_tta_section][vc_tta_section title=&#8221;Inscritos no Plano de Sa\u00fade Feas B\u00e1sico e Feas Pamc&#8221; tab_id=&#8221;1639144186999-1d1a4eee-538e&#8221;][vc_column_text]Ser\u00e1 mantido, para os dependentes, o mesmo plano de sa\u00fade que o titular falecido possu\u00eda, desde que eleg\u00edveis \u00e0 pens\u00e3o por morte, benef\u00edcio esse autorizado pelo INSS e assistidos pelo Economus no plano de previd\u00eancia.<\/p>\n<p>Para os dependentes eleg\u00edveis \u00e0 pens\u00e3o por morte paga pelo Economus, em que o titular falecido possu\u00eda o plano de sa\u00fade Feas Pamc ou Feas B\u00e1sico, ser\u00e1 mantido este plano, n\u00e3o sendo permitida a inscri\u00e7\u00e3o de nenhum outro dependente, al\u00e9m daqueles j\u00e1 inscritos.<\/p>\n<p><strong><u>Planos do titular e custeio: <\/u><\/strong><\/p>\n<ul>\n<li>O custeio da mensalidade por dependente vigente em 09\/2021, ser\u00e1 de 22,5% sobre o valor dos proventos brutos mensais, considerando um valor m\u00ednimo de mensalidade de R$ 600,00 (seiscentos reais) com o teto de R$ 4.500,00, enquanto permanecer inscrito no plano.<\/li>\n<li>A base de c\u00e1lculo ser\u00e1 o valor da pens\u00e3o por morte, na aus\u00eancia de comprova\u00e7\u00e3o do valor do benef\u00edcio, ser\u00e1 utilizado o sal\u00e1rio bruto do titular falecido.<\/li>\n<\/ul>\n<p>&nbsp;<\/p>\n<p><strong><u>IMPORTANTE: Para a manuten\u00e7\u00e3o do plano apresentar os seguintes documentos:\u00a0 <\/u><\/strong><\/p>\n<ul>\n<li>Carta de concess\u00e3o da pens\u00e3o por morte aos dependentes do plano de sa\u00fade emitido pela INSS;<\/li>\n<li>Demonstrativo de pagamento da pens\u00e3o por morte para compor a base de c\u00e1lculo da mensalidade do plano de sa\u00fade;<\/li>\n<li>Termo de ades\u00e3o ao plano de sa\u00fade (clique <a href=\"https:\/\/cms1.com.br\/backup\/\/wp-content\/uploads\/2018\/12\/2.Termo-de-Ades%C3%A3o-plano-de-saude.pdf\" target=\"_blank\" rel=\"noopener\">aqui<\/a>);<\/li>\n<li>C\u00f3pias simples de RG, CPF e comprovante de endere\u00e7o dos dependentes eleg\u00edveis;<\/li>\n<li>Certid\u00e3o de casamento para C\u00f4njuge;<\/li>\n<li>Certid\u00e3o de nascimento para filhos menores;<\/li>\n<li>Termo de Ades\u00e3o ao Conv\u00eanio Reciprocidade para os casos de Unimed e Cassi (clique <a href=\"https:\/\/cms1.com.br\/backup\/\/wp-content\/uploads\/2018\/12\/8.Termo-de-Ades%C3%A3o-ao-Conv%C3%AAnio-Reciprocidade.pdf\" target=\"_blank\" rel=\"noopener\">aqui<\/a>).<\/li>\n<\/ul>\n<p>Para a manuten\u00e7\u00e3o do plano de sa\u00fade aos dependentes eleg\u00edveis, conforme condi\u00e7\u00f5es estabelecidas, \u00e9 importante o envio da documenta\u00e7\u00e3o completa.<\/p>\n<p>Esta documenta\u00e7\u00e3o pode ser enviada por c\u00f3pias digitalizadas, em arquivo PDF, pelo nosso site <a href=\"https:\/\/cms1.com.br\/backup\/\">portal.economus.com.br<\/a>, aba Relacionamento, Fale Conosco.[\/vc_column_text][\/vc_tta_section]\n<\/div>","protected":false},"excerpt":{"rendered":"<p>[vc_row][vc_column][vc_column_text][\/vc_column_text][vc_empty_space][vc_column_text]S\u00e3o os dependentes legais (c\u00f4njuge, filhos menores de 21 anos ou incapazes sem limite de idade) de empregados admitidos a partir de 13 de maio de 1974 do extinto Banco Nossa Caixa S.A. contratados pelo regime CLT. Participante PrevMais &#8211; para os dependentes legais de participantes do PrevMais: Para os dependentes eleg\u00edveis \u00e0 pens\u00e3o por&hellip;<\/p>\n","protected":false},"author":5,"featured_media":0,"parent":0,"menu_order":0,"comment_status":"closed","ping_status":"closed","template":"","meta":{"ngg_post_thumbnail":0,"footnotes":""},"class_list":["post-13643","page","type-page","status-publish","hentry","description-off"],"_links":{"self":[{"href":"https:\/\/cms1.com.br\/backup\/wp-json\/wp\/v2\/pages\/13643","targetHints":{"allow":["GET"]}}],"collection":[{"href":"https:\/\/cms1.com.br\/backup\/wp-json\/wp\/v2\/pages"}],"about":[{"href":"https:\/\/cms1.com.br\/backup\/wp-json\/wp\/v2\/types\/page"}],"author":[{"embeddable":true,"href":"https:\/\/cms1.com.br\/backup\/wp-json\/wp\/v2\/users\/5"}],"replies":[{"embeddable":true,"href":"https:\/\/cms1.com.br\/backup\/wp-json\/wp\/v2\/comments?post=13643"}],"version-history":[{"count":11,"href":"https:\/\/cms1.com.br\/backup\/wp-json\/wp\/v2\/pages\/13643\/revisions"}],"predecessor-version":[{"id":15877,"href":"https:\/\/cms1.com.br\/backup\/wp-json\/wp\/v2\/pages\/13643\/revisions\/15877"}],"wp:attachment":[{"href":"https:\/\/cms1.com.br\/backup\/wp-json\/wp\/v2\/media?parent=13643"}],"curies":[{"name":"wp","href":"https:\/\/api.w.org\/{rel}","templated":true}]}}